 907 = 8*o. Is o a composite number?
True
Let j(q) be the third derivative of 69*q**6/40 - q**5/12 + 5*q**4/24 - q**3/3 + 11*q**2. Is j(3) composite?
False
Suppose 5*i = -4*b - 5264, -3*b - 6*i = -3*i + 3948. Let m = 806 - b. Is m composite?
True
Suppose n + 2496475 = 4*c, 2*c - 302*n - 1248236 = -300*n. Is c a prime number?
True
Let r(x) = -4*x**2 + 12*x + 3. Let w be r(4). Is 2/w - (-3753089)/689 a composite number?
True
Let j be ((-6)/2)/((63/(-49))/9). Let f be -2*(j/(-6) - -2). Suppose -f*g + 1092 = 99. Is g prime?
True
Suppose -2*w = -4*w - 10. Let c be (-1 + 24)*(0 + w). Let h = 412 - c. Is h prime?
False
Let f be (108/15)/(54/360). Suppose -36*b - 189156 = -f*b. Is b composite?
True
Let r(c) = -220*c + 9. Let p(a) = 661*a - 27. Let k(m) = 4*p(m) + 11*r(m). Let g(i) = -11*i**2 - 94*i - 105. Let f be g(-7). Is k(f) composite?
True
Let y = 44677 - 23366. Is y composite?
True
Suppose -7*j + 16908 + 4400 = 0. Let a = -1359 + j. Is a prime?
False
Let h(o) = -o**3 - 3*o**2 + 2*o - 3. Let w be h(-4). Let c be 54/36*((-11)/(-3) - 1). Suppose w*u + 5*v = 1465, -3*u + c*v + 446 + 447 = 0. Is u composite?
True
Suppose 5*p - 5870680 + 251214 = 3*j, 5*j + 1123924 = p. Is p a prime number?
False
Suppose 3*z - 12 = -6. Suppose -5*i = -2*i - z*x - 13065, -2*x = 6. Let u = i - 2702. Is u a prime number?
False
Let h be (12/(-32)*-4)/((-15)/(-70)). Let i(a) = -1 + 44*a - 4 + 3 + 1. Is i(h) composite?
False
Suppose 4*m + 127635 = -2*v + 7*v, 2*v - 4*m = 51066. Is v a composite number?
False
Let d be 10/(-25)*-10 + -3 + 1. Suppose p + 681 = d*p. Is p composite?
True
Suppose 282*y = 225*y + 881733. Is y prime?
False
Let y = -402 - 48. Let v = y + 2354. Suppose 0 = -5*x + 3*j + v, -4*x + 1131 = -x + 2*j. Is x a composite number?
False
Let k(h) = -2169*h + 1. Let j be k(-1). Suppose -j = -15*q + 5*q. Let u = -138 + q. Is u composite?
False
Let h(l) = 99*l - 1411. Is h(38) composite?
False
Let q be -19920 - (-3 + (-7 - -18)). Let b = q - -36285. Is b a composite number?
True
Let j be ((-18)/(-15))/(12/90). Suppose j*n + 278 = 11*n. Is n prime?
True
Let t = -2191 - -9377. Is t a composite number?
True
Let n(x) = 7*x + 2. Let a be n(2). Is 108006/10 - a/(-40) composite?
True
Suppose 86*b - 4610858 = 72*b. Is b a composite number?
False
Let d(o) = 10*o - 56. Let r be d(14). Is 260218/r + (2 - 33/18) composite?
True
Let s(r) = -90*r**3 - r**2 + 11*r + 3. Suppose -t + 5*t = -3*q + 8, 0 = -q + 5*t + 9. Let p be s(q). Let w = p - -8656. Is w a composite number?
False
Suppose 0 = 3*c - 0*u - 2*u + 42, 0 = -c + 5*u - 1. Is ((-1)/2)/(c/31072) composite?
False
Let w = 46 - 41. Suppose -w*a - 59 = -84. Suppose c = -3*c + p + 7184, 0 = -a*c + 3*p + 8987. Is c prime?
False
Suppose -4*h + n + 204352 = 0, -5*h + 2*n = -8*h + 153253. Is h composite?
True
Suppose -58*d - 2356299 = -157*d. Is d a prime number?
True
Suppose -2*z - t + 72819 = 0, 0 = -3*z + 3*t + 35924 + 73336. Is z a composite number?
True
Let c = 789 + -186. Suppose -3*r = 2*a + a - 1737, 0 = r - 5*a - c. Is r a prime number?
False
Let b(q) = 39*q**3 - 4*q**2 - 2*q + 4. Let h be b(5). Let c = 10066 - h. Is c composite?
False
Let j(s) = -s**2 - 8*s - 13. Let t be j(-5). Suppose 2*p = -k + 1060, t*p + 2*k + 331 = 1393. Let r = -306 + p. Is r composite?
False
Let m = 61110 - 24781. Is m prime?
False
Suppose -4*h + 0 = -2*w - 6, 5*w - 4*h - 3 = 0. Is (w + (1 - (-11373)/6))*2 a prime number?
False
Let m be 1/2*16*(-2)/(-4). Let c be m + -8 + 276/1. Suppose -3*d + c = q, 0*q = -d + q + 84. Is d composite?
False
Suppose -26*k - 9368457 = -92*k + 4448445. Is k a prime number?
True
Suppose 0 = 13*i + 4*i + 17. Is 3173 - (-12 + 15 + -2 + i) prime?
False
Let t(k) = -68*k - 24. Let p(m) = 67*m + 23. Let g(i) = 5*p(i) + 4*t(i). Let l be ((-2)/(-7) - 957/(-203)) + 1. Is g(l) composite?
False
Let o(n) = 6*n + 18. Let m be o(4). Suppose -m*s + 46*s = 36124. Is s a prime number?
False
Suppose -19*z = -21*z + 10488. Let k = z - 2321. Is k prime?
False
Suppose -26*k + 6093605 + 2816686 = 13*k. Is k prime?
True
Let o(w) be the first derivative of 315*w**2/2 + 22*w - 4. Suppose 10*z = 8*z, -2*g + z = -10. Is o(g) composite?
False
Suppose 5*u + 35 = 0, -522*l + 525*l - 5*u - 417542 = 0. Is l a composite number?
False
Suppose -4*x + 3*g = 3638, -3*g = -7 + 1. Let f = x - -2134. Is f a prime number?
False
Let n be ((-104874)/(-147))/((-1)/(-7)). Suppose 1056 = -22*l + n. Is l a composite number?
False
Is 67422 + (-2 - -7) + 6 prime?
True
Suppose 16 = 4*i, -d + 3*d - 4*i = -70. Let a = -25 - d. Is (213/2 - 1)/(a/4) composite?
False
Suppose 0 = -9*f + 6*f + 9. Suppose a = f*a - 96. Suppose -3*c + 969 = a. Is c a composite number?
False
Let d = -11589 - -16703. Suppose -8*b + 3 = -13. Suppose 6*f + 1723 = i + b*f, -f = -3*i + d. Is i composite?
True
Suppose 209*v - 12719450 = 159*v. Is v a prime number?
True
Let m be 45/(-24)*-2 - (-33)/(-44). Suppose 2*r = 3*l - 7679, 2*l - l + m*r = 2578. Is l prime?
False
Let c = -5 - -2. Let t(b) = -34*b - 1. Let n(l) = 22*l + 1. Let w(p) = -8*n(p) - 5*t(p). Is w(c) a composite number?
True
Let f be -3 - 6/(24/3724). Let p = 1531 + f. Suppose -v + 1060 = -p. Is v a composite number?
False
Let i be (1 - -2)/(2 + (-93)/48). Is 17003/3 + 5/(180/i) a prime number?
True
Let b(y) = 9*y**3 - y**2 + 6. Let f be b(3). Let g be (-57*2/8)/((-4)/f). Let o = g - -246. Is o a prime number?
False
Let f(s) be the first derivative of 133*s**5/120 - 5*s**4/12 + s**3 + 14. Let w(j) be the third derivative of f(j). Is w(3) prime?
True
Let c = 5983 - -59074. Is c a composite number?
True
Let s be 4/(-6)*(3 + 1 + -7). Suppose -s*a - 6*b + b = -73, -5*b + 25 = 0. Is 6/4*22384/a prime?
True
Let i(f) = -22*f**3 + 78*f**2 + 169*f + 319. Is i(-30) a composite number?
True
Suppose -125160 = -5*x + 193885. Is x prime?
True
Is 4/(-8)*(-533496)/12 composite?
False
Let y = 857040 - 455297. Is y prime?
True
Suppose 1216*m - 1219*m + 386669 = -2*t, 0 = -m + 5*t + 128881. Is m a composite number?
True
Is -16 + (-440)/(-30) + 1/((-6)/(-54194)) a composite number?
True
Let c(b) = 9*b**2 + 60*b + 17. Let y be (18/(-5))/((-207)/(-1380)). Is c(y) composite?
False
Suppose -18*n + 39 = -17*n. Let o = n + -38. Is (o/4)/(3/2292) prime?
True
Let f = -41256 + 62151. Suppose f = 26*c - 51853. Is c a composite number?
True
Let p = 497783 - -36018. Is p a prime number?
True
Let y(x) = x**3 - 24*x**2 - 14*x + 6. Suppose 2*k - 31 = -4*d + 43, -4*k + 109 = -5*d. Is y(k) composite?
False
Let i = -275 + 275. Suppose -4*a + 13547 = 3*o, i*a = -a - 2*o + 3383. Is a composite?
False
Let l = 177030 + -63109. Is l a prime number?
True
Let n = -332019 - -583348. Is n composite?
True
Suppose -3*l + 39720 = 3*d, l + 8*d - 5*d = 13244. Is l a prime number?
False
Is 4431930/105 - (-4)/28 composite?
False
Suppose 155 = 48*i - 17*i. Is 342096/12 + i*1 composite?
False
Let k be 11 + -5 + 18/3. Suppose 1150 = 3*x + 2*z, -3*x = k*z - 7*z - 1156. Is x prime?
False
Suppose -730*g + 715*g = -1553639 - 328651. Is g a composite number?
True
Let h = 23907 + -11116. Is h composite?
False
Suppose -2*v + 225939 = 5*c, 27*c - 564838 = -5*v + 24*c. Is v a composite number?
False
Let t = -2023 - -2610. Is t a prime number?
True
Let u(x) = -x**3 + 34*x**2 - 27*x + 43. Suppose -2*i = 4*j - 7*j - 67, 0 = 2*i - j - 57. Is u(i) composite?
True
Let p(x) = -56*x**2 + 3*x - 20. Let u be p(-12). Let m = u + 19360. Suppose -8*f + m = -7584. Is f a prime number?
False
Let m(i) = -1233*i - 484. Is m(-17) composite?
False
Let u(a) = a**2 - 6*a + 8. Let l(w) = -w + 17. Let v be l(13). Let t be u(v). Suppose 1508 = 4*g - t*g. Is g composite?
True
Let x(w) = 14*w**2 - 84*w + 1629. Is x(55) a composite number?
False
Suppose 0 = -4*z - 4*c + 365628, 0 = 4*z - 2*z - 2*c - 182830. Is z a prime number?
True
Suppose -8*u + 206928 = -12*u. Is (-26)/(-91) + u/56*-6 a prime number?
False
Let s be -1572*-5*(-12)/(-9). Suppose -3*y + s = -6437. Is y a composite number?
False
Suppose -65*h + 100108468 - 8069053 = 0. Is h a prime number?
False
Let a be (2/1)/(12/(-246)). Let m = a - -41. Suppose -5*c = -3*d - m*d + 185, d = c + 59. Is d a prime number?
False
Let q = 2105 - -275. Let x = q - 1503. Is x prime?
True
Let n(l) = -2*l - 5. Let h be n(-15). Suppose h = 6*q + 1. Suppose -3*s - 15 = -i - 5*s, -3*i